o?
1
Suppose -4*p - 2*o + 52 - 16 = 0, 2*p - 30 = -4*o. Suppose -311 + 59 = -p*s. What is the units digit of s?
6
Suppose 5*k = 7*k - 4. Suppose -3*m - 3*p + 7 = -149, -k*m - p = -109. What is the units digit of m?
7
Let f be (35/(-10))/((-1)/8). Let l = -20 + f. What is the tens digit of l + 27 - (0 - -1)?
3
Suppose 3*h + 40*v = 42*v + 932, 3*v = 6. What is the tens digit of h?
1
Let c(s) = -s**3 + 0*s**3 + 2*s**3 - 43*s**2 - 16 + 52*s**2. What is the units digit of c(-6)?
2
Suppose -20 = -3*f - 2*f. Suppose -2*b - 102 = -f*o, -o = 4*b + b - 31. What is the units digit of o?
6
Suppose 380 = -3*m - m + o, -3*m + 2*o = 290. Let g = m - -160. What is the tens digit of g?
6
Suppose 7*a = 2*a + 10. Let u be 6/9 + (-1750)/(-21). What is the tens digit of ((-2)/(-4))/(a/u)?
2
Let u(g) = g**2 + 4*g - 2. Let b be u(-4). Suppose -5*d + 10 = -5*j, -j - 5*d = -d + 27. What is the tens digit of b/j + 1080/42?
2
Let r = 74 - 5. Suppose -r = -2*p + p. What is the tens digit of p?
6
Let n(q) = q**2 + 20*q - 21. Let g be n(-16). Let v = g + 115. What is the units digit of v?
0
Suppose 0 = -i + 4*x + 640, -4*x = -2*i - 2*x + 1262. What is the tens digit of i?
2
What is the tens digit of (163/4)/((-26)/(-416))?
5
Suppose 3*w - p + 235 = 0, -5*w - 2*p - 380 = -6*p. Suppose -2*u + 132 = -130. Let t = u + w. What is the units digit of t?
1
Let r(a) = -10*a - 8. Let f be (12/(-2))/(18/9). What is the tens digit of r(f)?
2
Let s(l) = 9*l + 47 + 10 + 40 + 67. What is the hundreds digit of s(0)?
1
Let r be (60/(-7))/(2/(-147)). Suppose -i - 8*i = -r. What is the units digit of i?
0
Let a(q) = 2*q**2 + 22*q - 209. What is the hundreds digit of a(29)?
1
Suppose -659*h + 673*h - 55692 = 0. What is the tens digit of h?
7
Let d(b) = -b**2 + 8*b + 11. Let f be d(10). Let q = 133 + f. What is the hundreds digit of q?
1
Let q(k) = -k**2 - 11*k + 6. Let x be q(-11). Let d be (-3)/2*(-4)/x. What is the units digit of ((-2)/(8/(-12)))/d?
3
Suppose -6*v + 25*v - 8626 = 0. What is the units digit of v?
4
Let t(a) = a**3 + 5*a**2 + 3*a - 4. Let u be t(-4). Suppose 4*x + 0*x - 156 = u. What is the tens digit of x?
3
Let f = -165 - -291. What is the units digit of (40/(-12))/((-6)/f)?
0
Let u(v) = -v**3 + 53*v**2 + 42*v + 120. What is the tens digit of u(53)?
4
Let w(t) = 1 - 2*t - 2 + 3*t. Let o be w(-1). What is the units digit of (o + 1)*1 + 20?
9
Let s(v) = 10*v**2 + 9*v + 37. What is the hundreds digit of s(-7)?
4
Let d(l) = -983*l - 20. What is the thousands digit of d(-3)?
2
Let g(a) = 2*a**2 + 6*a + 6. Let q be g(-4). Suppose 19*d - q = 17*d. What is the units digit of d?
7
Let v(g) be the second derivative of g**3/3 - 7*g**2 + g + 9. Let j = 39 - 28. What is the units digit of v(j)?
8
Suppose 8*d - 4*d = 76. Let m = 7 + d. What is the units digit of m?
6
Let l be (-17)/(10*(-2)/(-6) + -3). Let f = 19 - l. What is the tens digit of f?
7
Let n(j) = -3*j**2 + 11*j - 3. Let m(o) = -7*o**2 + 23*o - 5. Let r(t) = -2*m(t) + 5*n(t). Let x be r(8). Suppose -5 - x = -b. What is the units digit of b?
8
Let c = 1502 - 511. What is the hundreds digit of c?
9
Let d(m) = -m + 6. Suppose 4*i - 12*i = 4*i. What is the units digit of d(i)?
6
Let c(d) = 277*d - 5. What is the units digit of c(2)?
9
Suppose 21*i = 8*i + 10218. What is the tens digit of i?
8
Suppose -c - 1479 = 417. Let m be c/(-30)*10/4. Suppose 5*y + 77 = 5*k - m, 4*y = k - 62. What is the tens digit of k?
4
Let g(m) = 5*m**2 + m + 20. Let x be g(-8). Suppose 3*n = 2*t - 212, 4*t - x - 136 = -5*n. What is the hundreds digit of t?
1
Suppose -6*d = -5*d - 14. Let n = d - 31. Let s = n + 28. What is the tens digit of s?
1
Let s = 21 + 475. What is the hundreds digit of s?
4
Let x = 275 + -53. Suppose 4*r - 914 = -x. What is the hundreds digit of r?
1
Let b = 329 + -320. What is the units digit of b?
9
Suppose i + 174 = -3*p, -i - 30 = 5*p + 154. Let o = -98 - i. What is the units digit of o?
1
Suppose 5*f + x - 3559 = 0, 4*x = -4*f + 2*x + 2846. What is the tens digit of f?
1
Suppose 3*d = -6*m + 2*m - 23, m + 6 = -d. What is the units digit of d + -1 + (-123)/(-3)?
9
Let s(t) = 2*t**2 - 11*t + 5. Let i(c) = 7*c + 15. Let g be i(-3). What is the hundreds digit of s(g)?
1
Let z = 602 - 272. Suppose j = -4*j + g + z, 0 = -5*g. What is the units digit of j?
6
Suppose 2*v = 13 - 23. Let s = 0 - v. Let r = 36 + s. What is the units digit of r?
1
Let r(q) = 7*q + q**2 - 12*q - 3 - 1 - 1. Let i(l) = 2*l**2 - 11*l - 10. Let x(k) = -6*i(k) + 13*r(k). What is the tens digit of x(6)?
3
Let u(t) = -4*t + 10. Let x be u(-3). Let s = x + 3. What is the tens digit of s?
2
Let c = 5 + -11. Let l = c + 5. Let m(n) = -22*n**3 - n**2 + n + 1. What is the units digit of m(l)?
1
Suppose -34 - 16 = -10*n. Suppose -2*u = 3 - 75. Suppose u = n*m - 39. What is the units digit of m?
5
Let z(m) be the second derivative of m**4/12 + 7*m**3/6 + 7*m**2/2 + 2*m. Let s be z(-6). What is the units digit of (s/3)/(7/147)?
7
Suppose 2*j = -4*d + 914, -j - d + 106 = -346. Suppose 2*p + 116 = 3*p - 5*l, -4*p + j = -3*l. What is the tens digit of p?
1
Suppose 3*j = -0*l - l - 222, 5*j = -5*l - 1100. Let k = 14 - l. What is the tens digit of k?
3
Let q = 1747 + -1240. What is the tens digit of q?
0
Let v = -2709 + 4283. What is the thousands digit of v?
1
Suppose 2*r - r - 3*l + 11 = 0, -7 = -3*r - l. Let i(w) = 86*w + 1. What is the tens digit of i(r)?
8
Let o be (-1)/(-4) - (-2)/(-16)*-6. What is the tens digit of o*128*(17 + -16)?
2
Let b = 729 - 195. What is the hundreds digit of b?
5
Suppose 267*i = 266*i + 820. What is the units digit of i?
0
Suppose -4*j - 4*f = -12916, -43*f = -j - 41*f + 3226. What is the units digit of j?
8
Suppose -9*d = -7*d + 8. Let c be d/(-8)*(-39 + 1). Let i = c - -43. What is the units digit of i?
4
Let m = 3 - -62. Let r = 12 + m. What is the tens digit of r?
7
Let o(x) = -x**3 - 11*x**2 + 6*x + 2. Let b be o(-5). Let q = b - -322. What is the hundreds digit of q?
1
Let s(w) = -w**2 - 16*w - 11. Let l(p) = -3*p + 15. Let k be l(8). What is the units digit of s(k)?
2
What is the hundreds digit of (33/1)/(50/1300)?
8
Let s = 44 + -19. What is the hundreds digit of 5/4*205/s*12?
1
Let r be 1*-3 + -4 + 17. Suppose -9*o + r*o - 79 = 0. What is the tens digit of o?
7
Let g be 3 + 108 + 3 + 2. Let o = g - 38. What is the units digit of o?
8
What is the units digit of 8744/9 - 84/(-189)?
2
Let i(q) = -q**2 + 9*q - 1. Let u be 2 + (4 - 2/2). Let x be i(u). Let n = -11 + x. What is the units digit of n?
8
Let l = -1 - -15. Let y = 29 + l. Suppose -h + 0*k - 5*k = -y, 169 = 3*h - 5*k. What is the tens digit of h?
5
Suppose -7*a = -4*a - 1035. Suppose 8*h - 13*h = -a. What is the tens digit of h?
6
Suppose 70*l + 5*l = 242550. What is the thousands digit of l?
3
Let k = 4 + -5. What is the units digit of 26/(22/(-26) - k)?
9
Let v = 24 - 22. Suppose 2*q + v*q = -432. Let b = q + 160. What is the tens digit of b?
5
Let j = -151 + 256. Suppose 4*f + 47 = m, 4*m - 5*f - 83 - j = 0. What is the tens digit of m?
4
Let o be (((-582)/2)/((-6)/(-4)))/(-2). Let p = o + 66. What is the units digit of p?
3
Suppose 5*i - 2*i = 213. Let s = i + -63. What is the units digit of s?
8
Let v(j) = -2*j. Let l(t) = -25*t - 1. Let a(w) = -2*l(w) + 22*v(w). What is the tens digit of a(3)?
2
Let i(a) = -a**2 - 12*a - 15. Let v be i(-10). Suppose 2*z - v*k + 51 = z, k = z + 39. Let p = 0 - z. What is the units digit of p?
6
Let m = 2523 - 770. What is the thousands digit of m?
1
Let q = -16 + -8. What is the units digit of q/(-36) + (-133)/(-3)?
5
Let l(i) = -i**2 + 14*i + 8. Suppose 5*c - 35 - 15 = 0. Let p be l(c). Suppose -n = -3*n + p. What is the tens digit of n?
2
Suppose -3*l + 2*l + q = 0, -l - 6 = -3*q. Let t = -3 + l. Suppose t*g = -s - 2*g + 44, 2*g = s - 32. What is the units digit of s?
8
Let a = -94 - -112. Suppose 5*m - 4*m - 10 = 0. Let z = a - m. What is the units digit of z?
8
Suppose m - p = 3*m - 3, 2*p = 5*m - 12. Suppose -m*r - 17 = -127. What is the tens digit of r?
5
Let j(t) = -25*t**2 + 2*t - 2. Let p be j(2). Let i = p + 44. Let r = -31 - i. What is the units digit of r?
3
Let m = -4501 + 8148. What is the thousands digit of m?
3
Let i(u) = u**2 - u - 10. Let v be i(4). Suppose 63 = k - 3*f + 5, -68 = -k - v*f. What is the tens digit of 